te the remainder when 1686 is divided by 338.
334
What is the remainder when 4841 is divided by 33?
23
What is the remainder when 59 is divided by 38?
21
What is the remainder when 1439 is divided by 9?
8
Calculate the remainder when 50 is divided by 30.
20
Calculate the remainder when 116 is divided by 43.
30
What is the remainder when 1251 is divided by 22?
19
Calculate the remainder when 242 is divided by 186.
56
Calculate the remainder when 924 is divided by 37.
36
What is the remainder when 1241 is divided by 54?
53
What is the remainder when 1268 is divided by 49?
43
Calculate the remainder when 552 is divided by 43.
36
What is the remainder when 389 is divided by 26?
25
Calculate the remainder when 281 is divided by 131.
19
What is the remainder when 580 is divided by 285?
10
Calculate the remainder when 1035 is divided by 386.
263
Calculate the remainder when 1849 is divided by 28.
1
What is the remainder when 47 is divided by 25?
22
Calculate the remainder when 11749 is divided by 13.
10
Calculate the remainder when 258 is divided by 85.
3
Calculate the remainder when 3344 is divided by 829.
28
Calculate the remainder when 2228 is divided by 36.
32
Calculate the remainder when 707 is divided by 136.
27
Calculate the remainder when 63 is divided by 22.
19
Calculate the remainder when 469 is divided by 94.
93
What is the remainder when 673 is divided by 67?
3
Calculate the remainder when 629 is divided by 35.
34
Calculate the remainder when 1023 is divided by 202.
13
Calculate the remainder when 808 is divided by 10.
8
What is the remainder when 47 is divided by 7?
5
Calculate the remainder when 67768 is divided by 45.
43
Calculate the remainder when 118 is divided by 38.
4
Calculate the remainder when 306 is divided by 49.
12
What is the remainder when 739 is divided by 197?
148
What is the remainder when 1249 is divided by 10?
9
What is the remainder when 99 is divided by 32?
3
What is the remainder when 256 is divided by 86?
84
What is the remainder when 2481 is divided by 92?
89
Calculate the remainder when 21646 is divided by 88.
86
Calculate the remainder when 875 is divided by 285.
20
Calculate the remainder when 11072 is divided by 156.
152
Calculate the remainder when 18113 is divided by 14.
11
What is the remainder when 75 is divided by 13?
10
Calculate the remainder when 317 is divided by 19.
13
What is the remainder when 19101 is divided by 32?
29
What is the remainder when 2123 is divided by 17?
15
What is the remainder when 1319 is divided by 67?
46
What is the remainder when 3080 is divided by 23?
21
Calculate the remainder when 176 is divided by 10.
6
Calculate the remainder when 76 is divided by 20.
16
Calculate the remainder when 102 is divided by 42.
18
What is the remainder when 172 is divided by 38?
20
Calculate the remainder when 303 is divided by 34.
31
Calculate the remainder when 2662 is divided by 65.
62
Calculate the remainder when 1199 is divided by 24.
23
What is the remainder when 183 is divided by 63?
57
Calculate the remainder when 133 is divided by 67.
66
What is the remainder when 48 is divided by 18?
12
What is the remainder when 358 is divided by 120?
118
What is the remainder when 15874 is divided by 127?
126
What is the remainder when 203 is divided by 16?
11
Calculate the remainder when 9214 is divided by 3071.
1
What is the remainder when 108 is divided by 48?
12
What is the remainder when 663 is divided by 155?
43
What is the remainder when 1182 is divided by 66?
60
Calculate the remainder when 1709 is divided by 57.
56
Calculate the remainder when 463 is divided by 29.
28
What is the remainder when 53 is divided by 10?
3
What is the remainder when 417 is divided by 38?
37
Calculate the remainder when 3085 is divided by 513.
7
Calculate the remainder when 2076 is divided by 74.
4
Calculate the remainder when 72 is divided by 72.
0
Calculate the remainder when 150 is divided by 7.
3
Calculate the remainder when 7937 is divided by 98.
97
Calculate the remainder when 2359 is divided by 34.
13
Calculate the remainder when 977 is divided by 35.
32
What is the remainder when 786 is divided by 18?
12
What is the remainder when 1489 is divided by 83?
78
What is the remainder when 549 is divided by 25?
24
Calculate the remainder when 405 is divided by 9.
0
What is the remainder when 1633 is divided by 42?
37
Calculate the remainder when 318 is divided by 66.
54
Calculate the remainder when 308 is divided by 103.
102
What is the remainder when 516 is divided by 74?
72
What is the remainder when 3119 is divided by 87?
74
What is the remainder when 1115 is divided by 221?
10
What is the remainder when 105 is divided by 30?
15
Calculate the remainder when 746 is divided by 334.
78
Calculate the remainder when 51 is divided by 27.
24
Calculate the remainder when 20797 is divided by 200.
197
Calculate the remainder when 717 is divided by 229.
30
What is the remainder when 224 is divided by 31?
7
Calculate the remainder when 5944 is divided by 24.
16
Calculate the remainder when 333 is divided by 19.
10
Calculate the remainder when 364 is divided by 73.
72
Calculate the remainder when 124 is divided by 7.
5
Calculate the remainder when 90 is divided by 79.
11
Calculate the remainder when 20647 is divided by 58.
57
Calculate the remainder when 259 is divided by 119.
21
What is the remainder when 203 is divided by 51?
50
Calculate the remainder when 2186 is divided by 27.
26
Calculate the remainder when 148 is divided by 27.
13
Calculate the remainder when 288 is divided by 6.
0
What is the remainder when 2908 is divided by 85?
18
Calculate the remainder when 27646 is divided by 8.
6
Calculate the remainder when 1533 is divided by 22.
15
Calculate the remainder when 265 is divided by 66.
1
What is the remainder when 4626 is divided by 116?
102
What is the remainder when 86 is divided by 71?
15
Calculate the remainder when 1048 is divided by 72.
40
What is the remainder when 624 is divided by 215?
194
Calculate the remainder when 16790 is divided by 33.
26
Calculate the remainder when 248 is divided by 85.
78
Calculate the remainder when 948 is divided by 578.
370
What is the remainder when 1297 is divided by 5?
2
Calculate the remainder when 72 is divided by 11.
6
Calculate the remainder when 171 is divided by 29.
26
Calculate the remainder when 4484 is divided by 115.
114
What is the remainder when 273 is divided by 11?
9
What is the remainder when 2821 is divided by 23?
15
Calculate the remainder when 319 is divided by 28.
11
What is the remainder when 911 is divided by 276?
83
What is the remainder when 1716 is divided by 157?
146
Calculate the remainder when 125 is divided by 20.
5
Calculate the remainder when 664 is divided by 18.
16
What is the remainder when 296 is divided by 231?
65
What is the remainder when 927 is divided by 62?
59
What is the remainder when 173 is divided by 38?
21
What is the remainder when 3657 is divided by 102?
87
Calculate the remainder when 446 is divided by 99.
50
What is the remainder when 18 is divided by 16?
2
What is the remainder when 99 is divided by 10?
9
What is the remainder when 641 is divided by 33?
14
Calculate the remainder when 121 is divided by 31.
28
Calculate the remainder when 265 is divided by 15.
10
What is the remainder when 440 is divided by 38?
22
Calculate the remainder when 22 is divided by 7.
1
Calculate the remainder when 121 is divided by 41.
39
Calculate the remainder when 265 is divided by 13.
5
Calculate the remainder when 3782 is divided by 11.
9
Calculate the remainder when 913 is divided by 54.
49
Calculate the remainder when 20660 is divided by 246.
242
What is the remainder when 226 is divided by 6?
4
What is the remainder when 2638 is divided by 66?
64
What is the remainder when 217 is divided by 17?
13
What is the remainder when 489 is divided by 166?
157
Calculate the remainder when 747 is divided by 25.
22
What is the remainder when 1396 is divided by 46?
16
Calculate the remainder when 530 is divided by 19.
17
What is the remainder when 2608 is divided by 201?
196
What is the remainder when 160 is divided by 77?
6
What is the remainder when 673 is divided by 336?
1
Calculate the remainder when 85 is divided by 14.
1
What is the remain